me factors of h.
2, 3, 29
Let q = 35 - 35. Suppose q = 9*d - 17 - 19. What are the prime factors of 6/d*424/3 + 1?
3, 71
Suppose -1536 = -4*l - 4*n, 5*l + 0*n = 5*n + 1870. Suppose -4*w - i + l = 0, 32 - 47 = 3*i. List the prime factors of w.
2, 3
Suppose p - 9 = -32. Suppose 64*f = 57*f - 322. What are the prime factors of (p/f)/(206/204 - 1)?
3, 17
Let d(l) = -l + 10. Let z be d(4). Suppose 20 = z*i - 2*i. Suppose -b + 2*b = 4*f, i*f = 5. What are the prime factors of b?
2
Suppose -116 = -3*o - 2*o + 2*b, -o - b + 26 = 0. Let w be (8/o)/(3/(-54)). What are the prime factors of (-8)/12 - 1672/w?
2, 139
Let s(j) = 299*j**3 - 2*j**2 - 6*j + 26. List the prime factors of s(3).
11, 733
Suppose 0 = 4*s + 3*u - 46602, -2*s + 233*u - 228*u = -23314. List the prime factors of s.
2, 3, 971
Let f = -132 - 174. What are the prime factors of f/(-17) - (-4)/(-2)?
2
Suppose -24*v - 30*v = 10*v - 642304. What are the prime factors of v?
2, 13, 193
Let o(l) = -l**3 - 19*l**2 - 21*l - 19. Suppose 3*r + 98 = -3*u + 32, 0 = r + 3. What are the prime factors of o(u)?
2, 5, 19
Suppose 5*n + 2*l - 9707 = 0, 9*n = 5*n + 2*l + 7762. Suppose -9*t = -n - 327. What are the prime factors of t?
2, 3, 7
Let x be (0 - 1) + (-15 - (-20 - -6)). List the prime factors of 1/(x + (-13245)/(-6620)).
2, 331
Suppose -s = -5 + 20. Let g = -13 - s. Suppose c = -4*z + 18, -z = g*c + c - 98. List the prime factors of c.
2, 17
Let n(k) = 1229*k**2 - 399*k - 3148. List the prime factors of n(-8).
2, 5, 787
Suppose 3*r + 0*r - 12 = 0. Suppose 485 = r*b + b - 2*v, v - 185 = -2*b. Suppose 5*m + b = 10*m. What are the prime factors of m?
19
Suppose b = 10*b - 252. Suppose -b = -5*n - 18. Suppose -n*z = w - 110, -w - 8*z + 116 = -9*z. What are the prime factors of w?
2, 3, 19
Let g(t) = 936*t - 234. List the prime factors of g(6).
2, 3, 13, 23
Suppose 1552 = -r + 8087. Suppose c - r = -4*c + 5*f, c - 1292 = -4*f. What are the prime factors of c?
2, 163
Suppose -34*v + 25*v + 43150 + 72230 = 0. What are the prime factors of v?
2, 5, 641
List the prime factors of 19/(2470/(-465764))*5/(-2).
13, 53
Suppose -178 = 2*c - 2*k, 0 = -0*c + 5*c - 2*k + 445. Let v = c + 94. Let p(y) = 10*y**2 + 2*y - 7. List the prime factors of p(v).
11, 23
Let m = -8 - -11. Suppose -3*j - 6*j = m*j. Suppose v + 3*f - 95 + 26 = j, -2*v + 158 = -4*f. List the prime factors of v.
3, 5
Let k(j) = -85*j + 183. What are the prime factors of k(-8)?
863
Let u(h) = -h**3 - 3*h**2 - 4*h - 1. Let y be u(-4). Let n = y + -3. Let c = -19 + n. List the prime factors of c.
3
Suppose -4*z - z + 15 = 0. Suppose u - z*p + 10 = 0, -u = 2*u + 4*p + 82. What are the prime factors of (-7 - -15)/((-4)/u)?
2, 11
Let u = 1461 + 111. Suppose -2*j + u = 3*t, -3*j - 3*t + 2358 = -t. List the prime factors of j.
2, 3, 131
Let j be 1*(-80)/2 - 5 - -3. What are the prime factors of (-36596)/j - (-4)/6?
2, 109
Suppose -5*u + 15 = -0*u. Suppose u*z + 4*y - 183 = 0, -y - 225 = -5*z + z. Let a = z + -34. What are the prime factors of a?
23
Let f(d) = 105*d**3 + 13*d**2 - 10*d - 12. List the prime factors of f(5).
2, 3347
Let t(g) = 752*g**2 - 14*g + 27. What are the prime factors of t(4)?
3, 4001
Let k(y) = 18*y**2 - 75*y - 359. Suppose 30*f = 13*f - 85. List the prime factors of k(f).
2, 233
Let z = 50 + -46. Let v(l) = -10*l + 9. Let g be v(z). List the prime factors of g/(-10)*5*(-1 + 3).
31
Let j(x) = -611*x - 304. List the prime factors of j(-11).
3, 23, 31
List the prime factors of (-36)/(-66) - (-26185710)/583.
2, 3, 19, 197
Suppose -39*x = -347992 - 252218. What are the prime factors of x?
2, 3, 5, 19
Let z = 55 + -48. Suppose 3014 = z*p - 402. List the prime factors of p.
2, 61
Suppose 3054 = f - 4*x - 4333, -x = -5*f + 36859. List the prime factors of f.
3, 7, 13
Let v(b) = b**2 + 10*b + 726. Suppose 2*c + 54*q = 52*q + 6, -5*q + 15 = 4*c. List the prime factors of v(c).
2, 3, 11
Suppose -5*j + 245143 = 3*h, -96*j + 99*j + 4*h = 147088. What are the prime factors of j?
2, 7, 17, 103
Suppose -3*j = n - 13388, 0 = -2284*j + 2280*j - 2*n + 17854. What are the prime factors of j?
3, 1487
Let v(j) be the second derivative of 11*j**4/6 - 5*j**3/2 + 29*j**2/2 + 66*j. List the prime factors of v(6).
17, 43
Let h be 94/2*(-5)/5. Let i = 45 + h. What are the prime factors of i/(-8) + (-92)/48*-39?
3, 5
Let a be 6 - (-2 + 10 + -2). Suppose 4*x = 3*p + 8, -2*p = -7*p. Suppose a = -x*t - 104 + 312. List the prime factors of t.
2, 13
Suppose 5*j + 6 = -4. Suppose 9*o + 558 - 1512 = 0. List the prime factors of (o/8)/(j/(-8)).
53
List the prime factors of (88/24 - 6/2)*(-34146)/(-6).
2, 7, 271
Let a(n) = -739*n - 262. List the prime factors of a(-13).
3, 5, 7, 89
Let x(h) be the second derivative of h**5/20 - 41*h**4/12 + 4*h**3/3 + 56*h**2 + 130*h. What are the prime factors of x(41)?
2, 5, 11
Suppose -5*o + 125500 = -5*v, 125455 = 5*o + 35*v - 31*v. List the prime factors of o.
3, 5, 7, 239
Let g = -24904 - -40872. List the prime factors of g.
2, 499
Let h be -17 + (-4 - -3) + 3. Let i be (-35)/h*(-6)/(-4)*-4. What are the prime factors of (-4)/i - (-2844)/42?
2, 17
Suppose 3*j = 2*s + 4014, 3*s = 2*j + 1014 - 7045. Let y = -1295 - s. List the prime factors of y.
2, 359
Let c = 38 - 35. Let i(u) = -5*u**3 - 12*u**2 - 7*u + 22. Let l(y) = -2*y**3 - 6*y**2 - 4*y + 11. Let x(j) = c*i(j) - 7*l(j). List the prime factors of x(6).
31
Suppose 4*r + 4 = 5*r. Suppose -4*j + 9 = 2*d + 1, j + 3 = -3*d. What are the prime factors of (r - (-72)/(-10))/(d/105)?
2, 3, 7
Let u(m) = -m**3 - 15*m**2 + 16*m + 18. Let x be u(-18). Suppose 3*a + x = 7*a - 3*d, 4*a - 2*d - 700 = 0. List the prime factors of a.
2, 3, 29
Let k(l) = -7*l**2 + 23*l - 2. Let c be k(3). Suppose 0 = -b + 5*i + 190, 3*b - 646 = c*i - 131. What are the prime factors of b?
3, 5, 11
Let z(a) be the first derivative of 43*a**2/2 + 59*a - 46. List the prime factors of z(8).
13, 31
Suppose -3*b + 80162 = 4*u, 3*u = 9*b - 11*b + 53443. List the prime factors of b.
2, 19, 37
Let s = -81 + 45. Let h = 40 + s. Suppose d - 805 = -h*d. What are the prime factors of d?
7, 23
Suppose -127*g - 54 = -124*g. List the prime factors of (1956/g - -5)*-3.
311
Let u = 58 - 53. Suppose -5*a - u*c + 20128 = -44642, 0 = -a - 3*c + 12962. List the prime factors of a/125 - 6/10.
103
Suppose -13 = -5*n - 3. Suppose -207 = -x - n*b, -2*x + 5*b + 7 = -380. What are the prime factors of x?
3, 67
Let y(l) = 34 + 27 - 53 + l. Let q be y(-5). Suppose 0 = 4*v + 4, z + q*v - 3 = -2. List the prime factors of z.
2
Suppose -15*b = -69*b + 412722. List the prime factors of b.
7643
Let z(m) = 4*m**2 + 4*m - 7. Let g(t) = -5*t**2 - 3*t + 8. Let p(o) = -5*g(o) - 6*z(o). Let s be p(9). What are the prime factors of s*(52 - (1 + (-3)/1))?
2, 3
Suppose 4*p = -j + 9268, 32*p = 3*j + 37*p - 27790. What are the prime factors of j?
2, 5, 463
Let q(o) = -53*o - 74. Suppose -94*n = -90*n + 32. What are the prime factors of q(n)?
2, 5, 7
Let l(n) = n**3 + n**2 - 15*n + 1161. Let h = -711 + 711. What are the prime factors of l(h)?
3, 43
Suppose -5*o + 2*l = 3*l - 13, 0 = 3*o - l - 11. Suppose -o*f + 106 - 91 = 0. Suppose 0 = r - f*i - 85, -4*r + 81 = -3*r - i. What are the prime factors of r?
2, 5
Let j = -17 + 20. Suppose 0 = j*v - 35 - 370. What are the prime factors of 3 + v - (6 - 4)?
2, 17
Suppose -231300 + 73547 = -73*b. What are the prime factors of b?
2161
Let r = -14 - -8. Let h(s) = s**3 + 4*s**2 - 11*s + 6. Let l be h(r). List the prime factors of ((-55)/10 - -5)*(-302 + l).
151
Let s = 0 - -15. Suppose 16*i - s*i = 3. Suppose 0 = -i*g - r + 210, 0 = -4*g - 5*r + 50 + 219. List the prime factors of g.
71
Let x(h) = h**3 - 14*h**2 + 11*h + 18. Let o be x(12). Let j = 91 + o. Let k = 76 + j. What are the prime factors of k?
29
What are the prime factors of 60/840*(33448 + -2)?
2389
Suppose 6*v - 7*v = -5*m + 14, 0 = m + 2*v + 6. Suppose 0 = -5*i + 3*o + 171, 0*o + 2*o = -2*i + 78. List the prime factors of m/(-12) + 4362/i.
11
List the prime factors of (-1)/(-4) - ((-1615570)/88 + -18).
17, 23, 47
Let u = 8899 - 2514. List the prime factors of u.
5, 1277
Let f(a) = -3*a - 28. Let h be f(-10). Suppose 2*b - h*c = -668, 2*b + 676 = 2*c - 4*c. What are the prime factors of (3 - b/4) + 5?
2, 23
Let u be (-143)/22*(-20)/65. Suppose 0 = -2*c +